ulate the highest common factor of 220 and 1371062.
22
Calculate the greatest common factor of 825 and 2074369.
11
What is the greatest common divisor of 8006 and 2351134029?
4003
Calculate the highest common factor of 33470085 and 165.
165
Calculate the greatest common factor of 73933256 and 57.
19
Calculate the greatest common factor of 3051118 and 42.
14
Calculate the highest common factor of 197554 and 195391.
721
What is the greatest common divisor of 7298 and 3715502?
82
What is the highest common factor of 200 and 2534500?
100
What is the greatest common factor of 66 and 1052845761?
33
Calculate the greatest common factor of 8600173 and 158805.
3529
What is the greatest common divisor of 18438318 and 26910?
414
Calculate the greatest common factor of 39564680 and 9920.
1240
Calculate the greatest common factor of 25 and 315919225.
25
What is the greatest common factor of 18958901 and 33475?
1339
What is the highest common divisor of 1029 and 123393?
3
Calculate the greatest common divisor of 4223576813 and 743.
743
Calculate the greatest common factor of 1766 and 4016767.
883
What is the highest common factor of 54855 and 313283?
1219
Calculate the highest common divisor of 363 and 305664.
3
Calculate the greatest common divisor of 1464 and 32920.
8
Calculate the highest common divisor of 235761 and 143112.
267
What is the greatest common factor of 8872 and 2743852312?
8872
What is the highest common divisor of 806124 and 95799?
33
What is the greatest common divisor of 11178920 and 25520?
1160
Calculate the highest common divisor of 223895 and 1435.
35
What is the greatest common divisor of 127925647 and 1461?
487
Calculate the greatest common factor of 652 and 52683556.
652
What is the greatest common factor of 514608 and 396464?
1136
What is the greatest common divisor of 358 and 1338466414?
358
What is the highest common divisor of 1471278 and 191774?
758
What is the highest common factor of 882626 and 608?
38
Calculate the highest common factor of 1054 and 47192.
34
What is the greatest common factor of 24 and 35303670?
6
Calculate the greatest common factor of 1803 and 10632291.
1803
Calculate the greatest common factor of 3774 and 251362.
34
Calculate the highest common divisor of 7568 and 96591.
11
Calculate the highest common divisor of 1350732663 and 63.
63
What is the highest common factor of 35820110 and 3008?
94
Calculate the highest common divisor of 10367586 and 5652.
18
What is the greatest common factor of 17600999 and 5278?
377
Calculate the highest common factor of 102 and 4533087.
3
Calculate the greatest common factor of 1137 and 19359699.
1137
Calculate the highest common divisor of 38 and 85093457.
19
What is the greatest common divisor of 104380 and 98049353?
5219
What is the greatest common divisor of 7250 and 3856250?
250
What is the greatest common divisor of 29509322 and 322?
46
Calculate the greatest common factor of 61925148 and 405.
81
What is the highest common divisor of 451319 and 54824?
979
What is the highest common factor of 70334 and 10692?
22
What is the highest common divisor of 18176 and 11388672?
256
Calculate the greatest common factor of 11365916 and 188.
188
Calculate the greatest common factor of 33800 and 49069150.
8450
Calculate the greatest common divisor of 76269565 and 51.
17
What is the highest common factor of 1367 and 4348427?
1367
Calculate the greatest common factor of 53 and 940697.
53
Calculate the highest common divisor of 622 and 35315605.
311
Calculate the greatest common divisor of 6048835 and 10.
5
What is the highest common factor of 40542283 and 1047?
349
Calculate the greatest common divisor of 3724 and 93727.
19
Calculate the highest common factor of 312621310 and 410.
410
Calculate the highest common factor of 6957 and 1371558636.
6957
Calculate the highest common divisor of 25718 and 7294.
14
Calculate the highest common factor of 324880 and 753250.
1310
Calculate the greatest common factor of 1630 and 7575914.
326
What is the greatest common factor of 45643 and 99593?
13
What is the highest common factor of 12173312 and 768?
256
Calculate the highest common divisor of 1110 and 43047465.
555
What is the greatest common factor of 246 and 5846026?
82
Calculate the highest common divisor of 317863276 and 536.
268
Calculate the highest common factor of 1696813 and 3.
1
What is the highest common factor of 6065 and 81203072?
1213
What is the greatest common factor of 101155777 and 2315?
463
Calculate the highest common factor of 76866339 and 144771.
3531
What is the greatest common factor of 25491858 and 191394?
9114
What is the highest common divisor of 1426 and 1501330?
62
Calculate the greatest common divisor of 5074 and 2522958.
118
What is the greatest common divisor of 35234 and 5572186?
158
What is the greatest common factor of 196 and 33347734?
98
What is the highest common divisor of 112706 and 3124594?
2398
What is the greatest common factor of 83430594 and 9126?
702
Calculate the greatest common divisor of 14016342 and 34050.
1362
Calculate the highest common factor of 16356 and 174417.
141
What is the highest common factor of 17 and 105725295?
17
Calculate the highest common divisor of 534068 and 8804.
124
Calculate the highest common factor of 1252408568 and 16.
8
What is the greatest common factor of 11554 and 5671?
53
Calculate the highest common divisor of 24173037 and 338373.
8253
What is the greatest common factor of 1536 and 6022?
2
Calculate the highest common divisor of 2518464 and 992.
32
Calculate the greatest common divisor of 2889 and 41488287.
321
Calculate the greatest common factor of 10150 and 415050.
50
Calculate the greatest common factor of 520711 and 2120661.
2909
What is the highest common factor of 78 and 6722638?
26
Calculate the greatest common factor of 97026373 and 93.
31
Calculate the greatest common divisor of 34251 and 127302.
147
What is the greatest common factor of 1599 and 9209707?
533
What is the highest common factor of 48999962 and 44?
22
Calculate the greatest common factor of 1161636 and 16968.
84
Calculate the greatest common divisor of 15913282 and 616.
154
Calculate the highest common divisor of 11999 and 5561856.
71
Calculate the greatest common factor of 5364 and 33268.
4
Calculate the greatest common factor of 5052 and 27547714.
842
What is the highest common divisor of 1502519 and 35467?
29
What is the greatest common factor of 169302 and 109254?
834
What is the greatest common divisor of 6193014 and 10896?
1362
Calculate the greatest common divisor of 35941 and 598678.
127
Calculate the greatest common divisor of 5786910 and 150390.
270
What is the greatest common divisor of 7344 and 2268216?
216
What is the highest common factor of 220322384 and 16?
16
Calculate the greatest common factor of 298313 and 2.
1
Calculate the highest common divisor of 421022 and 60634.
854
What is the highest common factor of 9772 and 2684793482?
4886
What is the highest common factor of 72770 and 192470?
190
What is the greatest common factor of 242966 and 20623?
41
What is the greatest common factor of 4551 and 223221?
111
Calculate the highest common divisor of 233943334 and 1074.
358
Calculate the greatest common divisor of 890 and 46800205.
445
Calculate the greatest common factor of 16338423 and 74.
37
What is the highest common factor of 49715988 and 42?
42
What is the greatest common factor of 243639795 and 1281?
1281
Calculate the greatest common factor of 222 and 1622774268.
222
Calculate the greatest common divisor of 4486466 and 146.
2
What is the highest common factor of 118747634 and 6856?
1714
Calculate the highest common factor of 19064235 and 34935.
2055
Calculate the highest common divisor of 2740 and 937740.
20
What is the highest common divisor of 52 and 34477482?
26
Calculate the greatest common factor of 37 and 163020224.
37
Calculate the greatest common divisor of 3120600 and 30.
30
What is the highest common divisor of 3107 and 744963?
239
Calculate the greatest common divisor of 9 and 27731019.
3
Calculate the highest common divisor of 18365 and 426960539.
3673
Calculate the greatest common divisor of 78940 and 53420.
20
Calculate the highest common divisor of 318254 and 89728.
1402
What is the greatest com